at is the remainder when 117907 is divided by 65?
62
What is the remainder when 5803 is divided by 231?
28
What is the remainder when 35327 is divided by 4412?
31
Calculate the remainder when 2140 is divided by 697.
49
What is the remainder when 25393 is divided by 12685?
23
Calculate the remainder when 23437 is divided by 7665.
442
What is the remainder when 51634 is divided by 156?
154
Calculate the remainder when 1197613 is divided by 61.
0
Calculate the remainder when 19191 is divided by 75.
66
What is the remainder when 24915 is divided by 6222?
27
What is the remainder when 157211 is divided by 10479?
26
Calculate the remainder when 7654 is divided by 79.
70
What is the remainder when 3430 is divided by 114?
10
Calculate the remainder when 99071 is divided by 258.
257
What is the remainder when 51874 is divided by 184?
170
Calculate the remainder when 169054 is divided by 24.
22
What is the remainder when 10140 is divided by 1243?
196
What is the remainder when 10849 is divided by 1225?
1049
Calculate the remainder when 45980 is divided by 438.
428
What is the remainder when 7006 is divided by 874?
14
Calculate the remainder when 148225 is divided by 636.
37
What is the remainder when 2340 is divided by 288?
36
Calculate the remainder when 11703 is divided by 2338.
13
Calculate the remainder when 1637 is divided by 519.
80
Calculate the remainder when 19202 is divided by 33.
29
Calculate the remainder when 9979 is divided by 67.
63
What is the remainder when 21096 is divided by 1008?
936
What is the remainder when 490032 is divided by 402?
396
Calculate the remainder when 83 is divided by 74.
9
What is the remainder when 2116 is divided by 237?
220
Calculate the remainder when 8317 is divided by 59.
57
What is the remainder when 29003 is divided by 492?
467
What is the remainder when 88425 is divided by 239?
234
Calculate the remainder when 2728 is divided by 14.
12
Calculate the remainder when 79664 is divided by 5.
4
Calculate the remainder when 73305 is divided by 24426.
27
What is the remainder when 432037 is divided by 10?
7
Calculate the remainder when 24799 is divided by 32.
31
Calculate the remainder when 54454 is divided by 24.
22
Calculate the remainder when 1752 is divided by 197.
176
What is the remainder when 2968 is divided by 178?
120
What is the remainder when 3606 is divided by 157?
152
What is the remainder when 24996 is divided by 4156?
60
Calculate the remainder when 15775 is divided by 1126.
11
Calculate the remainder when 1018870 is divided by 1272.
1270
Calculate the remainder when 10722 is divided by 825.
822
What is the remainder when 8850 is divided by 133?
72
Calculate the remainder when 15219 is divided by 28.
15
What is the remainder when 19687 is divided by 212?
183
What is the remainder when 9848 is divided by 1969?
3
What is the remainder when 836 is divided by 68?
20
Calculate the remainder when 9186 is divided by 9080.
106
Calculate the remainder when 3849 is divided by 121.
98
What is the remainder when 10680 is divided by 453?
261
What is the remainder when 63912 is divided by 49?
16
What is the remainder when 2221 is divided by 89?
85
Calculate the remainder when 3486 is divided by 679.
91
What is the remainder when 25278 is divided by 12636?
6
Calculate the remainder when 230905 is divided by 73.
6
What is the remainder when 24883 is divided by 996?
979
Calculate the remainder when 57672 is divided by 28716.
240
Calculate the remainder when 5518 is divided by 5006.
512
What is the remainder when 108634 is divided by 182?
162
Calculate the remainder when 48182 is divided by 9.
5
What is the remainder when 10450 is divided by 2222?
1562
Calculate the remainder when 249 is divided by 162.
87
Calculate the remainder when 13706 is divided by 104.
82
Calculate the remainder when 96756 is divided by 6911.
2
What is the remainder when 11713 is divided by 666?
391
What is the remainder when 1019303 is divided by 6?
5
What is the remainder when 782110 is divided by 82?
76
Calculate the remainder when 878 is divided by 548.
330
What is the remainder when 4860 is divided by 958?
70
What is the remainder when 1212 is divided by 104?
68
Calculate the remainder when 176 is divided by 128.
48
What is the remainder when 1025 is divided by 134?
87
Calculate the remainder when 3525 is divided by 488.
109
What is the remainder when 29402 is divided by 1835?
42
What is the remainder when 3095 is divided by 111?
98
Calculate the remainder when 15017 is divided by 4955.
152
What is the remainder when 62040 is divided by 223?
46
Calculate the remainder when 6520 is divided by 546.
514
Calculate the remainder when 4962 is divided by 930.
312
What is the remainder when 405870 is divided by 4612?
14
What is the remainder when 280496 is divided by 825?
821
Calculate the remainder when 248247 is divided by 82744.
15
Calculate the remainder when 72424 is divided by 5.
4
What is the remainder when 3512 is divided by 35?
12
What is the remainder when 26985 is divided by 709?
43
Calculate the remainder when 4293 is divided by 1428.
9
Calculate the remainder when 32089 is divided by 1328.
217
Calculate the remainder when 1239 is divided by 14.
7
What is the remainder when 5010 is divided by 431?
269
What is the remainder when 534780 is divided by 17?
11
What is the remainder when 2527 is divided by 625?
27
Calculate the remainder when 346600 is divided by 469.
9
What is the remainder when 1121 is divided by 347?
80
Calculate the remainder when 1562948 is divided by 321.
320
Calculate the remainder when 11039 is divided by 9.
5
Calculate the remainder when 97447 is divided by 1949.
1946
What is the remainder when 8109 is divided by 8082?
27
What is the remainder when 5541 is divided by 899?
147
Calculate the remainder when 25 is divided by 22.
3
What is the remainder when 769 is divided by 19?
9
Calculate the remainder when 1308 is divided by 408.
84
Calculate the remainder when 7598 is divided by 3784.
30
Calculate the remainder when 1678 is divided by 48.
46
What is the remainder when 28044 is divided by 170?
164
What is the remainder when 4002379 is divided by 77?
73
What is the remainder when 5956525 is divided by 359?
356
Calculate the remainder when 43659 is divided by 9.
0
What is the remainder when 423897 is divided by 90?
87
What is the remainder when 4831 is divided by 373?
355
Calculate the remainder when 4160 is divided by 11.
2
Calculate the remainder when 35100 is divided by 198.
54
Calculate the remainder when 8442 is divided by 8401.
41
What is the remainder when 1210547 is divided by 1077?
1076
What is the remainder when 857702 is divided by 21?
20
Calculate the remainder when 9967 is divided by 184.
31
Calculate the remainder when 10370 is divided by 5173.
24
Calculate the remainder when 2991 is divided by 100.
91
Calculate the remainder when 76267 is divided by 1272.
1219
What is the remainder when 128324 is divided by 128315?
9
What is the remainder when 472 is divided by 77?
10
What is the remainder when 108728 is divided by 36237?
17
Calculate the remainder when 8728 is divided by 91.
83
What is the remainder when 285621 is divided by 425?
21
Calculate the remainder when 143404 is divided by 3259.
8
What is the remainder when 8860 is divided by 8458?
402
Calculate the remainder when 156640 is divided by 3132.
40
Calculate the remainder when 530007 is divided by 17.
15
What is the remainder when 611471 is divided by 395?
11
Calculate the remainder when 77844 is divided by 337.
334
What is the remainder when 13424 is divided by 57?
29
Calculate the remainder when 1821 is divided by 302.
9
Calculate the remainder when 138662 is divided by 279.
278
What is the remainder when 38294 is divided by 92?
22
Calculate the remainder when 3876 is divided by 1281.
33
Calculate the remainder when 15961 is divided by 15949.
12
What is the remainder when 69590 is divided by 34773?
44
What is the remainder when 6336 is divided by 3168?
0
Calculate the remainder when 148115 is divided by 16455.
20
What is the remainder when 5947 is divided by 5064?
883
Calculate the remainder when 10048 is divided by 197.
1
What is the remainder when 434 is divided by 5?
4
What is the remainder when 128528 is divided by 274?
22
Calculate the r